679720?
True
Is 781320272 a multiple of 272?
True
Is 842250150 a multiple of 270?
True
Does 9 divide 258617207?
False
Does 282 divide 151331634?
True
Does 126 divide 1356435456?
False
Is 19 a factor of 88291347?
True
Is 13294491 a multiple of 283?
True
Does 240 divide 7090080?
True
Does 205 divide 3265625645?
False
Is 268221210 a multiple of 100?
False
Is 42521068 a multiple of 2285?
False
Does 706 divide 38327494?
False
Is 2059764738 a multiple of 20?
False
Is 49239252 a multiple of 162?
True
Is 3 a factor of 185067802?
False
Is 52256950 a multiple of 3005?
True
Is 45 a factor of 30941393?
False
Does 396 divide 681095052?
True
Is 444 a factor of 184867392?
True
Is 28771867 a multiple of 1118?
False
Is 111 a factor of 33463136?
False
Is 36 a factor of 72630353?
False
Is 499417688 a multiple of 62?
True
Is 5214 a factor of 45559932?
True
Is 3 a factor of 299931?
True
Does 69 divide 10376979?
True
Does 161 divide 20272650?
False
Is 1043911550 a multiple of 7614?
False
Is 211 a factor of 131994623?
False
Does 249 divide 180168317?
False
Is 29622360 a multiple of 65?
False
Does 17 divide 4830125?
True
Is 9 a factor of 146427212?
False
Is 14 a factor of 1402562?
True
Is 27 a factor of 1527514?
False
Is 130 a factor of 224929022?
False
Is 9 a factor of 4988267?
False
Does 119 divide 290757358?
False
Does 179 divide 13952268?
False
Is 768131974 a multiple of 59?
True
Is 122991856 a multiple of 752?
True
Is 20667716 a multiple of 17?
True
Does 227 divide 29490478?
True
Does 50 divide 27668102?
False
Is 104663793 a multiple of 181?
True
Does 7051 divide 568045377?
False
Is 26 a factor of 218947116?
False
Is 1040777281 a multiple of 17?
True
Is 73451980 a multiple of 10?
True
Does 156 divide 950391780?
True
Is 3877 a factor of 30252231?
True
Is 1901543560 a multiple of 1064?
True
Does 1067 divide 37866763?
True
Is 3419 a factor of 457334873?
False
Is 10 a factor of 237750031?
False
Is 183 a factor of 2343498?
True
Is 5 a factor of 550802795?
True
Is 12206074 a multiple of 379?
True
Does 11 divide 2443411380?
False
Does 8 divide 155636112?
True
Is 92797799 a multiple of 13?
False
Is 212 a factor of 5451792?
True
Is 91524872 a multiple of 29?
False
Is 345 a factor of 41481765?
True
Is 29 a factor of 229604658?
True
Is 336 a factor of 1290411509?
False
Does 422 divide 7331846?
False
Is 46978120 a multiple of 2946?
False
Does 23 divide 2709615085?
False
Does 22 divide 1778678626?
False
Is 12513761 a multiple of 50?
False
Is 46 a factor of 1780444076?
True
Does 1559 divide 52745880?
False
Is 8 a factor of 50742944?
True
Is 918446 a multiple of 11?
False
Does 10 divide 67114630?
True
Does 102 divide 29846220?
True
Is 1091254140 a multiple of 102?
True
Does 199 divide 35105192?
True
Does 2 divide 191824377?
False
Is 394919385 a multiple of 21?
True
Is 1305 a factor of 38151675?
True
Is 790 a factor of 57890676?
False
Is 132 a factor of 18389976?
True
Is 950 a factor of 2764094350?
True
Is 9526398 a multiple of 422?
False
Is 363 a factor of 2913635?
False
Does 67 divide 21905248?
True
Is 121 a factor of 22355669?
False
Is 15 a factor of 78429505?
False
Is 149469783 a multiple of 5843?
True
Does 96 divide 30722484?
False
Does 15 divide 53861908?
False
Is 3860579780 a multiple of 15?
False
Is 370 a factor of 750057330?
False
Does 1068 divide 15272094?
False
Is 1807 a factor of 266619236?
True
Is 74 a factor of 105193516?
True
Does 414 divide 222015411?
False
Is 2 a factor of 10639766?
True
Is 7 a factor of 420720496?
True
Is 22 a factor of 128685682?
False
Is 666347009 a multiple of 807?
False
Is 22 a factor of 24038674?
True
Is 5778875 a multiple of 125?
True
Is 3632114558 a multiple of 15?
False
Does 26 divide 66854331?
False
Does 1993 divide 50693948?
True
Is 132 a factor of 5262715?
False
Is 3906686503 a multiple of 177?
False
Is 17650855 a multiple of 380?
False
Is 1554330 a multiple of 4?
False
Is 14307489 a multiple of 9?
True
Does 5 divide 28080605?
True
Is 31 a factor of 114916835?
False
Is 180 a factor of 147960618?
False
Is 47170416 a multiple of 523?
True
Is 449542327 a multiple of 2283?
False
Is 1287 a factor of 1126112?
False
Is 714 a factor of 270831624?
True
Does 360 divide 2402970?
False
Is 1336115994 a multiple of 15?
False
Is 336145890 a multiple of 69?
False
Is 10 a factor of 40459009?
False
Does 17 divide 18128067?
False
Is 85494564 a multiple of 16?
False
Is 422 a factor of 205827698?
False
Is 4 a factor of 2867290?
False
Is 532491600 a multiple of 80?
True
Is 2071 a factor of 4829572?
True
Does 73 divide 18161816?
True
Is 5 a factor of 49596962?
False
Does 31 divide 28705634?
False
Is 269 a factor of 11135486?
False
Is 1024322700 a multiple of 282?
True
Is 3672 a factor of 339740414?
False
Is 5878126 a multiple of 4?
False
Is 23 a factor of 13632652?
True
Is 159411024 a multiple of 507?
False
Is 468 a factor of 2599740?
True
Is 1069 a factor of 116496413?
True
Does 1285 divide 29122457?
False
Is 11 a factor of 86949020?
False
Is 317 a factor of 14033907?
True
Is 15 a factor of 489620685?
True
Is 78275893 a multiple of 45?
False
Is 582351935 a multiple of 5?
True
Is 217 a factor of 15669839?
False
Does 30 divide 355082040?
True
Is 3 a factor of 855941194?
False
Is 67 a factor of 1801165087?
True
Is 125000070 a multiple of 7?
False
Is 1908 a factor of 586486638?
False
Does 36 divide 52145726?
False
Is 43 a factor of 26156427?
True
Is 20117788 a multiple of 724?
True
Is 166136475 a multiple of 685?
True
Is 7 a factor of 6357090?
False
Does 57 divide 33910078?
False
Is 142643412 a multiple of 579?
False
Does 149 divide 75994680?
False
Does 396 divide 610607448?
True
Is 701 a factor of 16624215?
True
Does 157 divide 234412979?
False
Is 51814980 a multiple of 1230?
True
Does 2918 divide 93329312?
True
Does 23 divide 56285989?
False
Is 1292743922 a multiple of 359?
True
Is 377 a factor of 118849846?
False
Is 41 a factor of 58828089?
False
Does 55 divide 24196865?
True
Is 195085250 a multiple of 250?
True
Does 1015 divide 696300775?
False
Is 41 a factor of 53778871?
False
Does 5 divide 32977725?
True
Is 49 a factor of 23539747?
True
Is 50194816 a multiple of 448?
True
Is 67 a factor of 4977716?
False
Does 2458 divide 2179534545?
False
Is 44988777 a multiple of 3474?
False
Does 3767 divide 343196729?
False
Does 4486 divide 268374950?
True
Is 8 a factor of 26278551?
False
Is 12058830 a multiple of 35?
True
Does 802 divide 1681248746?
False
Is 78463000 a multiple of 616?
True
Is 2532805589 a multiple of 78?
False
Is 110 a factor of 3300990?
True
Does 13 divide 2404571185?
False
Is 1726 a factor of 399313919?
False
Does 26 divide 1524259750?
True
Is 55452021 a multiple of 23?
False
Does 463 divide 5450436?
True
Is 146 a factor of 3808622?
False
Does 547 divide 217431406?
True
Does 587 divide 91082083?
False
Does 7 divide 144927562?
False
Is 291 a factor of 54920722?
False
Is 602 a factor of 48084661?
False
Is 40976507 a multiple of 1541?
False
Is 3995022 a multiple of 3?
True
Is 57 a factor of 53629786?
False
Does 15 divide 12975141?
False
Is 92 a factor of 37416137?
False
Does 141 divide 101317524?
True
Does 196 divide 402386040?
True
Is 35 a factor of 603010934?
False
Is 1551041877 a multiple of 33?
True
Is 2005 a factor of 542823021?
False
Is 925 a factor of 2606144025?
True
Is 11455802 a multiple of 3?
False
Does 98 divide 209232385?
False
Does 14 divide 173541140?
False
Is 24848101 a multiple of 17?
True
Is 15 a factor of 11450284?
False
Is 10 a factor of 5463485?
False
Does 35 divide 2102868559?
False
Is 8 a factor of 886887440?
True
Does 9 divide 1419712895?
False
Is 137 a factor of 243591343?
True
Is 22188137 a multiple of 1485?
False
Is 158 a factor of 41462962?
False
Does 2845 divide 2347479270?
False
Does 1829 divide 385242529?
False
Is 317813384 even?
True
Does 12 divide 14087784?
True
Is 52594727 a multiple of 498?
False
Is 560 a factor of 27608820?
False
Is 13 a factor of 426749115?
True
Does 527 divide 836737584?
False
Is 9972192 a multiple of 654?
True
Is 1035 a factor of 71752410?
True
Is 2733832529 a multiple of 129?
False
Is 97633485 a multiple of 9?
True
Does 150 divide 849725444?
False
Is 577 a factor of 10019716?
False
Does 358 divide 630854712?
True
Is 47154840 a multiple of 5?
True
Is 40989123 a multiple of 47?
True
Is 7240